divisor of 80 and 445040.
80
What is the greatest common divisor of 116 and 26506?
58
Calculate the greatest common factor of 101130 and 30.
30
Calculate the highest common factor of 507 and 1758783.
507
Calculate the highest common factor of 1755 and 741.
39
Calculate the greatest common factor of 648 and 323028.
324
What is the highest common factor of 9348 and 111192?
492
Calculate the greatest common divisor of 603 and 17219.
67
Calculate the highest common divisor of 7 and 576254.
7
Calculate the greatest common factor of 6808 and 13248.
184
Calculate the greatest common factor of 1176071 and 845.
169
What is the highest common factor of 3600 and 21825?
225
What is the greatest common divisor of 550 and 142300?
50
What is the highest common factor of 20 and 3021620?
20
What is the highest common factor of 30459 and 286?
143
What is the highest common divisor of 38380 and 2470?
190
Calculate the greatest common factor of 139673 and 11344.
709
What is the highest common factor of 11814 and 858?
66
What is the highest common factor of 2133 and 2781?
27
Calculate the greatest common divisor of 32 and 270496.
32
Calculate the highest common divisor of 267015 and 420.
105
What is the greatest common divisor of 128 and 734144?
64
What is the highest common divisor of 181 and 14797?
1
What is the greatest common factor of 7830236 and 148?
148
Calculate the greatest common divisor of 244 and 3524.
4
What is the highest common factor of 19352 and 2788?
164
Calculate the greatest common factor of 67425 and 124.
31
Calculate the greatest common divisor of 42924 and 6846.
42
What is the highest common divisor of 1887 and 2533?
17
Calculate the highest common factor of 1972 and 7308.
116
Calculate the greatest common divisor of 1467 and 11247.
489
What is the highest common factor of 138104 and 16?
8
Calculate the greatest common factor of 2588208 and 98.
14
Calculate the highest common factor of 4615 and 62725.
65
Calculate the greatest common factor of 3597 and 528.
33
What is the greatest common divisor of 32230 and 19910?
110
What is the highest common factor of 4629009 and 462?
231
What is the greatest common divisor of 108297 and 4536?
567
Calculate the greatest common factor of 14 and 1080674.
14
What is the highest common divisor of 91124 and 253?
11
What is the highest common factor of 47912 and 1272?
424
Calculate the greatest common factor of 88 and 7010872.
88
What is the highest common factor of 2496 and 21234?
6
Calculate the highest common factor of 585 and 22620.
195
Calculate the highest common factor of 756 and 17478.
18
What is the greatest common factor of 382 and 28416598?
382
Calculate the highest common divisor of 35636 and 472.
236
Calculate the greatest common divisor of 350 and 825720.
70
What is the greatest common factor of 144 and 6462?
18
Calculate the greatest common divisor of 796466 and 902.
902
What is the greatest common divisor of 17422 and 1426?
62
Calculate the highest common factor of 1025 and 110150.
25
Calculate the greatest common factor of 84 and 11910.
6
Calculate the greatest common factor of 340 and 2445620.
340
Calculate the greatest common factor of 2420 and 980.
20
What is the highest common factor of 119 and 56423?
17
What is the greatest common divisor of 4 and 78332?
4
Calculate the highest common divisor of 4404 and 132.
12
Calculate the greatest common divisor of 2000574 and 36.
18
What is the highest common divisor of 707088 and 1?
1
What is the greatest common divisor of 9549 and 300263?
1061
What is the highest common divisor of 12 and 14292?
12
What is the highest common factor of 799 and 261743?
47
Calculate the highest common divisor of 4693 and 195.
13
Calculate the highest common divisor of 14228352 and 358.
358
What is the greatest common divisor of 6 and 91861?
1
What is the highest common divisor of 6406 and 16?
2
What is the highest common divisor of 64 and 1216944?
16
What is the greatest common factor of 24 and 3818664?
24
What is the highest common factor of 2992 and 3927?
187
What is the highest common divisor of 52073 and 25777?
173
Calculate the highest common divisor of 656096 and 203.
203
Calculate the highest common factor of 185 and 154040.
5
What is the highest common factor of 290 and 6425?
5
Calculate the greatest common factor of 136 and 14824.
136
What is the highest common factor of 606 and 452884?
202
What is the highest common divisor of 3568 and 180407?
223
Calculate the highest common factor of 4 and 10156.
4
What is the greatest common factor of 1218 and 390282?
174
What is the highest common divisor of 28194 and 555?
111
What is the highest common divisor of 109886 and 141?
47
Calculate the greatest common factor of 828 and 1668903.
69
What is the highest common factor of 3319 and 5?
1
What is the greatest common divisor of 145872 and 54?
18
What is the highest common factor of 1422361 and 1142?
571
What is the highest common divisor of 15756 and 1053?
39
What is the highest common factor of 32291 and 35?
7
Calculate the highest common factor of 1134 and 4458888.
1134
Calculate the greatest common divisor of 3597186 and 474.
474
Calculate the highest common factor of 603 and 3057947.
67
Calculate the greatest common factor of 168487 and 11.
11
Calculate the highest common divisor of 158 and 542.
2
Calculate the highest common factor of 6882 and 98346.
222
What is the highest common factor of 42 and 471?
3
Calculate the greatest common factor of 33 and 4413.
3
What is the greatest common factor of 11352 and 2123?
11
Calculate the greatest common divisor of 4592 and 84.
28
Calculate the greatest common factor of 5759985 and 35.
35
Calculate the greatest common factor of 639270 and 6.
6
What is the greatest common divisor of 7614 and 353769?
141
What is the highest common divisor of 4929 and 8184?
93
What is the highest common divisor of 438894 and 36?
18
What is the greatest common divisor of 570 and 29545?
95
Calculate the greatest common factor of 2658682 and 293.
293
Calculate the greatest common factor of 32406 and 447301.
491
What is the greatest common factor of 29749 and 1257?
419
What is the highest common factor of 6 and 228194?
2
Calculate the greatest common divisor of 30 and 638230.
10
What is the greatest common divisor of 21682 and 2051?
293
What is the greatest common factor of 117099 and 108?
27
Calculate the highest common divisor of 23433 and 219.
219
Calculate the greatest common factor of 5 and 17170.
5
What is the greatest common factor of 43 and 2571?
1
Calculate the highest common divisor of 182403 and 936.
117
Calculate the highest common factor of 668932 and 184.
92
Calculate the greatest common divisor of 448 and 292.
4
Calculate the greatest common factor of 1488 and 23888.
16
What is the highest common factor of 13553967 and 21?
21
Calculate the greatest common divisor of 74 and 14837.
37
What is the greatest common factor of 1488160 and 11790?
1310
What is the highest common factor of 4640 and 3040?
160
Calculate the highest common divisor of 384714 and 2784.
174
What is the greatest common factor of 5712 and 16485?
21
What is the highest common divisor of 7943 and 169?
169
Calculate the greatest common factor of 824 and 5167304.
824
Calculate the highest common divisor of 847739 and 799.
799
What is the greatest common factor of 57 and 6821?
19
What is the highest common divisor of 24 and 54448?
8
What is the highest common factor of 645940 and 40?
20
What is the greatest common factor of 180 and 373185?
45
Calculate the greatest common divisor of 42020 and 1870.
110
Calculate the greatest common factor of 132 and 229240.
44
Calculate the greatest common divisor of 231 and 868461.
33
What is the greatest common factor of 155935 and 1105?
65
Calculate the highest common factor of 407012 and 291.
97
What is the highest common factor of 149258 and 222?
74
Calculate the greatest common divisor of 354 and 151689.
177
What is the highest common factor of 2581 and 34046?
29
What is the highest common factor of 80 and 314816?
16
Calculate the highest common divisor of 152313 and 21.
21
What is the highest common factor of 379106 and 728?
182
What is the greatest common factor of 78 and 1044342?
78
Calculate the greatest common divisor of 409